h) = i*h - 2*h - 12 + 2*h + h. Calculate q(0).
-12
Let v(g) = g**2 - 13*g + 7. Let n(u) = -u. Let j(k) = 4*n(k) - v(k). What is j(6)?
11
Let w(j) = -j**3 - 7*j**2 + 4*j + 4. Let q be 1331/(-187) - ((-12)/(-34))/(-3). Give w(q).
-24
Let c(s) = 2*s - 3*s - s + s**3 + s + 1 + s**2. Let z(y) = -2*y**3 - 2*y**2 + 2*y - 2. Let l(d) = -3*c(d) - 2*z(d). Give l(-2).
-1
Let n(x) = -12*x + 22. Let q(f) = -3*f. Let t(h) = -n(h) + 5*q(h). Give t(-6).
-4
Let k(t) = 2*t - 126*t**2 + 62*t**2 + 65*t**2 - t + 10. Let x(f) = f + 4. Let a be x(-4). What is k(a)?
10
Suppose 10*v + 5*c = 9*v + 9, v = -4*c + 7. Let x(n) be the first derivative of -n**4/4 - n**3 - n**2/2 - 1. Calculate x(v).
-1
Suppose -5*a - 4*r - r = 10, 4*r = 2*a + 16. Let u = 7 + a. Suppose -22 - 3 = -4*y - 3*n, u*y - 18 = -2*n. Let h(j) = j**2 - 4*j - 4. Give h(y).
-4
Let w(p) be the first derivative of 1/2*p**2 + 9*p + 1. Let h be -3 - 4/(-16)*-4. What is w(h)?
5
Let v(l) = -7*l + 1. Let t be 8 - (-6)/6 - -3. Let d be 11/(-2)*(3 - 1). Let r = t + d. Determine v(r).
-6
Suppose -210 = 148*n - 178*n. Let v(o) = -2*o**2 + 15*o - 7. Determine v(n).
0
Let h(r) = 3*r + 6. Suppose 4*o - 9 = o. Let f(m) = 2*m + 4. Let k(q) = o*h(q) - 5*f(q). Give k(-6).
4
Let w(j) = j**2 + 5*j - 3. Let s(h) = -3*h - 5. Let u = -11 - -11. Let m be s(u). Determine w(m).
-3
Let o(h) be the first derivative of h**4/2 - h**3/3 - 3*h**2/2 - 3*h - 89. Give o(-2).
-17
Let h(x) be the second derivative of -x**5/60 - 5*x**4/24 + 7*x**3/6 + 9*x**2/2 - 6*x. Let j(u) be the first derivative of h(u). Determine j(-5).
7
Let f(h) be the first derivative of 2*h**3/3 - h**2 + 2*h + 98. Determine f(2).
6
Let k(q) = 8 - 3 - 7 + q + 2 + 5. Give k(-5).
0
Let x(f) be the second derivative of f**5/10 + f**4/6 - f**2/2 + 86*f. Suppose -2*y + 2 + 0 = 0. Determine x(y).
3
Let b(a) be the third derivative of a**5/60 - 5*a**4/24 + a**3/2 + 3*a**2. Let v be (-2 + 1)/(3/3). Let j be (0 - v - -2) + -1 + 1. Give b(j).
-3
Let p(q) be the first derivative of 5*q**2/2 - 3*q + 223. What is p(-3)?
-18
Let k(h) be the first derivative of h**5/120 - 7*h**4/24 + 22*h**3/3 - 45. Let b(m) be the third derivative of k(m). Give b(13).
6
Let x(z) be the second derivative of -z**5/20 - 5*z**4/6 - 17*z**3/6 - 3*z**2 + 159*z. Calculate x(-8).
2
Suppose 0*h + 2*h + r = 4, -5*h + 13 = r. Suppose 3*t - h - 18 = 0. Let z = t + -2. Let j(y) = -y**3 + 5*y**2 + y + 1. Give j(z).
6
Let u(t) be the second derivative of -t**4/12 - 3*t**2 + t. Let f(n) be the first derivative of u(n). Give f(-1).
2
Let x(r) be the second derivative of 0 - 14*r + 3/2*r**2 + 1/6*r**3. What is x(-11)?
-8
Let v = 220 - 224. Let f(k) = -k**3 - 4*k**2 - 2*k + 5. Give f(v).
13
Let o(k) = k**3 + k**2 + k + 2. Suppose -10*g - 7 - 23 = 0. Give o(g).
-19
Suppose -f - 18*n = -23*n + 28, -5*f = 4*n + 24. Let x(i) = -i - 5. Give x(f).
3
Let c(i) = i**3 - 18*i**2 - 3*i + 43. Let u be c(18). Let x(o) = -o**3 - 12*o**2 - 10*o + 14. Give x(u).
3
Suppose 2*v = -3*a - 37, 20 = -32*a + 30*a + v. Let w(q) = q**2 + 13*q - 11. What is w(a)?
-33
Let a(z) = 3*z**2 - 6*z + 7. Let u(h) = 10*h**2 - 18*h + 20. Let w(x) = -7*a(x) + 2*u(x). Let m be w(4). Let v(r) = -r - 1 + r + 5*r. Give v(m).
-6
Let w(i) = -7*i**2 - 21*i - 7. Let k(r) = r**2 + 2*r + 1. Let j(n) = -6*k(n) - w(n). What is j(-10)?
11
Suppose 0 = d + b - 3 + 1, 5*d - 12 = -3*b. Let r(t) be the second derivative of -2/3*t**3 + 1/12*t**4 + t**2 + 7*t + 0. What is r(d)?
-1
Suppose -r + l = -31, 2*r = -2*l + 1 + 77. Let c = -43 + r. Let m(j) = -2*j - 10. Determine m(c).
6
Let y(d) = -d**3 - 3*d**2 + d - 2. Suppose -10 = 54*j - 56*j. Suppose -3*t - 12 = 2*r, -r + 3*r = -j*t - 20. What is y(t)?
10
Let v = -2 - -7. Suppose 0 = -v*q - 8 + 18. Let w(d) = -2 + 1 + d + 50*d**2 - 48*d**q. What is w(2)?
9
Suppose -72 - 8 = -4*b. Let n(z) = -27 + 0*z - z + b. What is n(-7)?
0
Let f(d) = 0*d**2 - d**2 + 1 - 6 - 5. Let o be f(0). Let z(c) = -c - 7. Calculate z(o).
3
Suppose 0 = -3*m - 2*p + 5, -3*m - 5*p - 6 = 4. Let r(t) = -t**2 + 2*t + 5. Calculate r(m).
-10
Let x = 8 + -2. Let v(i) = 5*i**3 - 4*i**2 - 2*i - 3. Let h(y) = 9*y**3 - 7*y**2 - 3*y - 6. Let l(r) = x*h(r) - 11*v(r). Determine l(3).
0
Let g(x) = 16*x**3 + 8*x - 4*x**3 - 11*x**3 + 9*x**2 - x. Determine g(-8).
8
Suppose 6 = 3*d + 3*i, 11*i = 16*i. Let s(n) = -3*n**3 + 4*n**2 - n - 2. Give s(d).
-12
Let z(n) = -9*n**2 - 5*n + 47. Let b(h) = -4*h**2 - 2*h + 23. Let a(y) = -13*b(y) + 6*z(y). Let i(j) be the first derivative of a(j). Calculate i(-5).
16
Suppose 0 = 367*r - 371*r - 8. Let s(a) = a**2 + 2*a + 7. What is s(r)?
7
Let a(j) = j**3 + 6*j**2 - 2*j. Let v(x) = -2*x**3 - 12*x**2 - x - 3. Let u(k) = -3*a(k) - v(k). Let s = 6 - 13. Calculate u(s).
3
Let l(u) be the third derivative of -u**4/24 - 5*u**3/6 - 93*u**2. Let r(x) = -x**2 - x. Let b be r(0). Calculate l(b).
-5
Let k(x) = x**2 - 8*x - 5. Let r = -56 - -63. Let n be 31/5 - r/35. Determine k(n).
-17
Let b(w) = 7*w**2 - 2*w - 2. Let s be (-4)/(-1) - (1 + (-21)/(-7)). Suppose r + 3*h - 14 = s, -5*h = r - 0*h - 22. Give b(r).
22
Let h(x) = 2*x + 2. Let v be h(-3). Let o(t) be the third derivative of 5*t**4/24 - t**3/3 - 1753*t**2. What is o(v)?
-22
Let r(w) = 2*w**2 + 12*w + 21. Let i be r(-10). Let m = i + -92. Let h(k) = k**2 - 8*k - 12. Calculate h(m).
-3
Let i(n) = n**2 + 14*n + 34. Let w be (38 + -11)*(-4)/6 + 7. Give i(w).
1
Let n(h) = 23*h + 10. Let l(v) = -2*v - 1. Let s(t) = 22*l(t) + 2*n(t). Calculate s(-1).
-4
Let k(f) = -f**2 + 6*f - 3. Let c(v) = -2*v**2 + 12*v - 5. Let b(p) = -6*c(p) + 11*k(p). Let m = 17 + -10. What is b(m)?
4
Let l(r) = r**3 + 9*r**2 + 10*r - 3. Let w(x) = -7*x + 27. Suppose -7*c = -3*c - 20. Let a be w(c). Calculate l(a).
-19
Let h(o) = -o - 5. Suppose v + 31 = 4*v - 5*i, -v + 5*i + 27 = 0. Let t = -27 + 31. Suppose l + b - 3*b = v, 2*b = t*l + 10. Determine h(l).
-1
Let y = 0 - -2. Suppose y*t - 5*r = 4 - 0, -3*t + 6 = -2*r. Let p(j) = t*j**3 + 2*j**3 - j**2 - 3*j**3 + j + 9. Calculate p(0).
9
Suppose 3*k - 27 = -5*i, i + 2 + 7 = 3*k. Let g(s) = 4*s - 5. Calculate g(i).
7
Let w(b) = b**3 + 3*b**2 - b - 2. Let x be w(-2). Suppose -10*j + x*j = -6. Let u(r) = 4*r**2 + 1. What is u(j)?
5
Let u(d) = 18*d**3 + d**2 + d + 1. Let l be 6 - (-1)/1*-3. Suppose -r = -2*q - 0*q - 7, -q - l = -r. Calculate u(r).
-17
Let l(u) be the third derivative of -u**5/30 + u**4/8 + u**3/3 - 324*u**2 + 2*u. Let q = 16 - 7. Suppose -q = -2*z - 3. Calculate l(z).
-7
Let g(x) be the second derivative of -3*x**5/2 - x**3/3 + x**2/2 - 12*x - 6. What is g(1)?
-31
Let v be (-6)/(-12)*4*1. Let b(q) = -2*q + 5*q + q**v + q. Determine b(-4).
0
Let q(w) = 9*w + 13. Let m(p) = 25*p + 41. Let n(g) = -4*m(g) + 11*q(g). Determine n(-17).
-4
Let u(s) = -2*s**2 + 7*s + 13. Let p(i) = -i**2 + 4*i + 7. Let g(z) = -40*z + 2. Let t be g(1). Let y = 41 + t. Let o(f) = y*u(f) - 5*p(f). What is o(-4)?
-16
Let r(l) = 2*l**3 - 6*l**2 + 5*l + 10. Let j(b) = b**3 - 2*b**2 + 2*b + 5. Let z(t) = -7*j(t) + 3*r(t). Let p(x) = 3*x + 4. Let q be p(-3). Determine z(q).
15
Let u(d) = d + 8. Let g(l) = -7*l - 46. Let s(f) = -g(f) - 6*u(f). Let w be 78/9 - 2/3. What is s(w)?
6
Let n(o) = -o - 13. Let y = -363 - -357. Calculate n(y).
-7
Let l(p) = -7*p**2 + 10*p + 6. Let n(q) = -8*q**2 + 11*q + 6. Let d(k) = -7*l(k) + 6*n(k). Suppose 4*f - 8 = 0, -2*r + 566 = -f + 556. Determine d(r).
6
Let n = -20 - -26. Let k(j) = j**3 - 2 + n + 5. Calculate k(0).
9
Suppose 2*s = s + 5. Let h(b) = 0*b + 3*b + s - 4. Suppose -19*i + 104 = 7*i. Give h(i).
13
Let d(y) = -5*y**2 + 3*y - 3. Let h(v) = -3*v**2 + 2*v - 2. Let z(c) = -3*d(c) + 4*h(c). Suppose 0 = 2*n + 2*n - 4. What is z(n)?
3
Let q(x) = 4*x**2 + 4*x + 2. Let w be q(-2). Suppose 32 = 2*i + 5*s, w + 22 = 2*i + 2*s. Let p = i - 14. Let g(b) = -2*b + 3. What is g(p)?
-1
Let h = 119 + -113. Let k(q) = -q**3 + 6*q**2 - 2*q + 8. What is k(h)?
-4
Suppose 0 = -c + 2*p + 1, 0 - 14 = -2*c - 2*p. Let b(o) = -5*o + 9 - 2*o**2 - c*o + o**2 - 18. What is b(-9)?
0
Suppose -2*s - 2 = -v, v - 3 = 4*s + 3. Let z(c) = -7*c - 2. Calculate z(s).
12
Let p(x) = x**3 + 5*x**2 - 4*x - 17. Let c be p(-5). Let y(i) = i**2 - 5*i + 4. Give y(c).
-2
Let y(l) = -l - 7*l**2 + l**3 - 3 + 8 - 2. Let w be (-14)/3*4*(-3)/8. What is y(w)?
-4
Let f(g) = -13*g**2 - 2*g + 3. Let c 